{"id":5,"date":"2016-07-27T14:42:34","date_gmt":"2016-07-27T14:42:34","guid":{"rendered":"http:\/\/blog.iese.fraunhofer.de\/?page_id=5"},"modified":"2026-04-21T09:49:08","modified_gmt":"2026-04-21T07:49:08","slug":"ueber-uns","status":"publish","type":"page","link":"https:\/\/www.iese.fraunhofer.de\/blog\/ueber-uns\/","title":{"rendered":"\u00dcber uns"},"content":{"rendered":"<p><strong>Das Fraunhofer-Institut f\u00fcr Experimentelles Software Engineering IESE<\/strong><\/p>\n<p>Das <a href=\"http:\/\/www.iese.fraunhofer.de\" target=\"_blank\" rel=\"noopener\">Fraunhofer-Institut f\u00fcr Experimentelles Software Engineering IESE<\/a> in Kaiserslautern ist seit 30 Jahren eine der f\u00fchrenden Forschungseinrichtungen f\u00fcr effizientes Software- und Systems-Engineering. Mit seiner angewandten Forschung entwickelt das Institut verl\u00e4ssliche und resiliente digitale Systeme, die die Wettbewerbsf\u00e4higkeit seiner Partner steigern. Im Fokus stehen u. a. <a href=\"https:\/\/www.iese.fraunhofer.de\/blog\/tag\/digitaler-zwilling\/\" target=\"_blank\" rel=\"noopener\">Digitale Zwillinge<\/a>, <a href=\"https:\/\/www.iese.fraunhofer.de\/blog\/tag\/virtual-engineering\/\">virtuelle Validierung und Simulation<\/a>, <a href=\"https:\/\/www.iese.fraunhofer.de\/blog\/tag\/digitale-oekosysteme\/\">Digitale \u00d6kosysteme<\/a>, <a href=\"https:\/\/www.iese.fraunhofer.de\/blog\/tag\/interoperabilitaet\/\">Interoperabilit\u00e4t<\/a> von Systemen, <a href=\"https:\/\/www.iese.fraunhofer.de\/blog\/category\/sicherheit\/\">Cyber Security und Safety<\/a>. Dabei liegt das Ziel der Forschung und der L\u00f6sungen stets in der Steigerung von Effizienz unter Gew\u00e4hrleistung hoher Qualit\u00e4t, beispielsweise mittels Unterst\u00fctzung durch KI im Software- und Systems-Engineering.<\/p>\n<p>Das Fraunhofer IESE unterst\u00fctzt bei der Bew\u00e4ltigung von Herausforderungen in vielf\u00e4ltigen Anwendungsfeldern wie Gesundheit, Land- und Ern\u00e4hrungswirtschaft, Mobilit\u00e4t, Produktion, Smart City und Verteidigung. In weit \u00fcber 2.000 <a href=\"https:\/\/www.iese.fraunhofer.de\/de\/referenz.html\" target=\"_blank\" rel=\"noopener\">Kundenprojekten<\/a> hat das Institut Spitzenforschung in nachhaltige Unternehmenspraktiken und innovative Produkte transferiert und die <a href=\"https:\/\/www.iese.fraunhofer.de\/blog\/tag\/effizienz\/\">Effizienz<\/a> des Software- und Systems-Engineerings seiner Wirtschaftspartner gesteigert.<\/p>\n<p>Das Fraunhofer IESE ist eines von 74 Instituten und Einrichtungen der <a href=\"https:\/\/www.fraunhofer.de\/\" target=\"_blank\" rel=\"noopener\">Fraunhofer-Gesellschaft<\/a>. Zusammen gestalten sie die angewandte Forschung in Europa und weltweit wesentlich mit und tragen zur internationalen Wettbewerbsf\u00e4higkeit Deutschlands bei.<\/p>\n","protected":false},"excerpt":{"rendered":"<p>Das Fraunhofer-Institut f\u00fcr Experimentelles Software Engineering IESE Das Fraunhofer-Institut f\u00fcr Experimentelles Software Engineering IESE in Kaiserslautern ist seit 30 Jahren eine der f\u00fchrenden Forschungseinrichtungen f\u00fcr effizientes Software- und Systems-Engineering. Mit seiner angewandten Forschung entwickelt das Institut verl\u00e4ssliche und resiliente digitale&#8230;<\/p>\n","protected":false},"author":3,"featured_media":0,"parent":0,"menu_order":0,"comment_status":"closed","ping_status":"closed","template":"","meta":{"footnotes":""},"coauthors":[8],"class_list":["post-5","page","type-page","status-publish","hentry"],"yoast_head":"<!-- This site is optimized with the Yoast SEO plugin v27.5 - https:\/\/yoast.com\/product\/yoast-seo-wordpress\/ -->\n<title>\u00dcber uns - Blog des Fraunhofer IESE<\/title>\n<meta name=\"description\" content=\"Wir, das Fraunhofer IESE, sind eine der f\u00fchrenden Forschungseinrichtungen f\u00fcr effizientes Software- und Systems-Engineering.\" \/>\n<meta name=\"robots\" content=\"noindex, follow\" \/>\n<meta property=\"og:locale\" content=\"de_DE\" \/>\n<meta property=\"og:type\" content=\"article\" \/>\n<meta property=\"og:title\" content=\"\u00dcber uns - Blog des Fraunhofer IESE\" \/>\n<meta property=\"og:description\" content=\"Wir, das Fraunhofer IESE, sind eine der f\u00fchrenden Forschungseinrichtungen f\u00fcr effizientes Software- und Systems-Engineering.\" \/>\n<meta property=\"og:url\" content=\"https:\/\/www.iese.fraunhofer.de\/blog\/ueber-uns\/\" \/>\n<meta property=\"og:site_name\" content=\"Fraunhofer IESE\" \/>\n<meta property=\"article:publisher\" content=\"https:\/\/www.facebook.com\/FraunhoferIESE\/\" \/>\n<meta property=\"article:modified_time\" content=\"2026-04-21T07:49:08+00:00\" \/>\n<meta name=\"twitter:card\" content=\"summary_large_image\" \/>\n<meta name=\"twitter:site\" content=\"@FraunhoferIESE\" \/>\n<meta name=\"twitter:label1\" content=\"Gesch\u00e4tzte Lesezeit\" \/>\n\t<meta name=\"twitter:data1\" content=\"1\u00a0Minute\" \/>\n\t<meta name=\"twitter:label2\" content=\"Written by\" \/>\n\t<meta name=\"twitter:data2\" content=\"Nicole Spanier-Baro\" \/>\n<script type=\"application\/ld+json\" class=\"yoast-schema-graph\">{\"@context\":\"https:\\\/\\\/schema.org\",\"@graph\":[{\"@type\":\"WebPage\",\"@id\":\"https:\\\/\\\/www.iese.fraunhofer.de\\\/blog\\\/ueber-uns\\\/\",\"url\":\"https:\\\/\\\/www.iese.fraunhofer.de\\\/blog\\\/ueber-uns\\\/\",\"name\":\"\u00dcber uns - Blog des Fraunhofer IESE\",\"isPartOf\":{\"@id\":\"https:\\\/\\\/www.iese.fraunhofer.de\\\/blog\\\/#website\"},\"datePublished\":\"2016-07-27T14:42:34+00:00\",\"dateModified\":\"2026-04-21T07:49:08+00:00\",\"description\":\"Wir, das Fraunhofer IESE, sind eine der f\u00fchrenden Forschungseinrichtungen f\u00fcr effizientes Software- und Systems-Engineering.\",\"breadcrumb\":{\"@id\":\"https:\\\/\\\/www.iese.fraunhofer.de\\\/blog\\\/ueber-uns\\\/#breadcrumb\"},\"inLanguage\":\"de\",\"potentialAction\":[{\"@type\":\"ReadAction\",\"target\":[\"https:\\\/\\\/www.iese.fraunhofer.de\\\/blog\\\/ueber-uns\\\/\"]}]},{\"@type\":\"BreadcrumbList\",\"@id\":\"https:\\\/\\\/www.iese.fraunhofer.de\\\/blog\\\/ueber-uns\\\/#breadcrumb\",\"itemListElement\":[{\"@type\":\"ListItem\",\"position\":1,\"name\":\"Startseite\",\"item\":\"https:\\\/\\\/www.iese.fraunhofer.de\\\/blog\\\/\"},{\"@type\":\"ListItem\",\"position\":2,\"name\":\"\u00dcber uns\"}]},{\"@type\":\"WebSite\",\"@id\":\"https:\\\/\\\/www.iese.fraunhofer.de\\\/blog\\\/#website\",\"url\":\"https:\\\/\\\/www.iese.fraunhofer.de\\\/blog\\\/\",\"name\":\"Fraunhofer IESE\",\"description\":\"Blog des Fraunhofer-Institut f\u00fcr Experimentelles Software Engineering\",\"publisher\":{\"@id\":\"https:\\\/\\\/www.iese.fraunhofer.de\\\/blog\\\/#organization\"},\"potentialAction\":[{\"@type\":\"SearchAction\",\"target\":{\"@type\":\"EntryPoint\",\"urlTemplate\":\"https:\\\/\\\/www.iese.fraunhofer.de\\\/blog\\\/?s={search_term_string}\"},\"query-input\":{\"@type\":\"PropertyValueSpecification\",\"valueRequired\":true,\"valueName\":\"search_term_string\"}}],\"inLanguage\":\"de\"},{\"@type\":\"Organization\",\"@id\":\"https:\\\/\\\/www.iese.fraunhofer.de\\\/blog\\\/#organization\",\"name\":\"Fraunhofer IESE\",\"url\":\"https:\\\/\\\/www.iese.fraunhofer.de\\\/blog\\\/\",\"logo\":{\"@type\":\"ImageObject\",\"inLanguage\":\"de\",\"@id\":\"https:\\\/\\\/www.iese.fraunhofer.de\\\/blog\\\/#\\\/schema\\\/logo\\\/image\\\/\",\"url\":\"https:\\\/\\\/www.iese.fraunhofer.de\\\/blog\\\/wp-content\\\/uploads\\\/2016\\\/08\\\/fhg_iese_logo.png\",\"contentUrl\":\"https:\\\/\\\/www.iese.fraunhofer.de\\\/blog\\\/wp-content\\\/uploads\\\/2016\\\/08\\\/fhg_iese_logo.png\",\"width\":183,\"height\":50,\"caption\":\"Fraunhofer IESE\"},\"image\":{\"@id\":\"https:\\\/\\\/www.iese.fraunhofer.de\\\/blog\\\/#\\\/schema\\\/logo\\\/image\\\/\"},\"sameAs\":[\"https:\\\/\\\/www.facebook.com\\\/FraunhoferIESE\\\/\",\"https:\\\/\\\/x.com\\\/FraunhoferIESE\",\"https:\\\/\\\/www.linkedin.com\\\/company\\\/fraunhoferiese\\\/\",\"https:\\\/\\\/www.youtube.com\\\/c\\\/FraunhoferIESE\"]}]}<\/script>\n<!-- \/ Yoast SEO plugin. -->","yoast_head_json":{"title":"\u00dcber uns - Blog des Fraunhofer IESE","description":"Wir, das Fraunhofer IESE, sind eine der f\u00fchrenden Forschungseinrichtungen f\u00fcr effizientes Software- und Systems-Engineering.","robots":{"index":"noindex","follow":"follow"},"og_locale":"de_DE","og_type":"article","og_title":"\u00dcber uns - Blog des Fraunhofer IESE","og_description":"Wir, das Fraunhofer IESE, sind eine der f\u00fchrenden Forschungseinrichtungen f\u00fcr effizientes Software- und Systems-Engineering.","og_url":"https:\/\/www.iese.fraunhofer.de\/blog\/ueber-uns\/","og_site_name":"Fraunhofer IESE","article_publisher":"https:\/\/www.facebook.com\/FraunhoferIESE\/","article_modified_time":"2026-04-21T07:49:08+00:00","twitter_card":"summary_large_image","twitter_site":"@FraunhoferIESE","twitter_misc":{"Gesch\u00e4tzte Lesezeit":"1\u00a0Minute","Written by":"Nicole Spanier-Baro"},"schema":{"@context":"https:\/\/schema.org","@graph":[{"@type":"WebPage","@id":"https:\/\/www.iese.fraunhofer.de\/blog\/ueber-uns\/","url":"https:\/\/www.iese.fraunhofer.de\/blog\/ueber-uns\/","name":"\u00dcber uns - Blog des Fraunhofer IESE","isPartOf":{"@id":"https:\/\/www.iese.fraunhofer.de\/blog\/#website"},"datePublished":"2016-07-27T14:42:34+00:00","dateModified":"2026-04-21T07:49:08+00:00","description":"Wir, das Fraunhofer IESE, sind eine der f\u00fchrenden Forschungseinrichtungen f\u00fcr effizientes Software- und Systems-Engineering.","breadcrumb":{"@id":"https:\/\/www.iese.fraunhofer.de\/blog\/ueber-uns\/#breadcrumb"},"inLanguage":"de","potentialAction":[{"@type":"ReadAction","target":["https:\/\/www.iese.fraunhofer.de\/blog\/ueber-uns\/"]}]},{"@type":"BreadcrumbList","@id":"https:\/\/www.iese.fraunhofer.de\/blog\/ueber-uns\/#breadcrumb","itemListElement":[{"@type":"ListItem","position":1,"name":"Startseite","item":"https:\/\/www.iese.fraunhofer.de\/blog\/"},{"@type":"ListItem","position":2,"name":"\u00dcber uns"}]},{"@type":"WebSite","@id":"https:\/\/www.iese.fraunhofer.de\/blog\/#website","url":"https:\/\/www.iese.fraunhofer.de\/blog\/","name":"Fraunhofer IESE","description":"Blog des Fraunhofer-Institut f\u00fcr Experimentelles Software Engineering","publisher":{"@id":"https:\/\/www.iese.fraunhofer.de\/blog\/#organization"},"potentialAction":[{"@type":"SearchAction","target":{"@type":"EntryPoint","urlTemplate":"https:\/\/www.iese.fraunhofer.de\/blog\/?s={search_term_string}"},"query-input":{"@type":"PropertyValueSpecification","valueRequired":true,"valueName":"search_term_string"}}],"inLanguage":"de"},{"@type":"Organization","@id":"https:\/\/www.iese.fraunhofer.de\/blog\/#organization","name":"Fraunhofer IESE","url":"https:\/\/www.iese.fraunhofer.de\/blog\/","logo":{"@type":"ImageObject","inLanguage":"de","@id":"https:\/\/www.iese.fraunhofer.de\/blog\/#\/schema\/logo\/image\/","url":"https:\/\/www.iese.fraunhofer.de\/blog\/wp-content\/uploads\/2016\/08\/fhg_iese_logo.png","contentUrl":"https:\/\/www.iese.fraunhofer.de\/blog\/wp-content\/uploads\/2016\/08\/fhg_iese_logo.png","width":183,"height":50,"caption":"Fraunhofer IESE"},"image":{"@id":"https:\/\/www.iese.fraunhofer.de\/blog\/#\/schema\/logo\/image\/"},"sameAs":["https:\/\/www.facebook.com\/FraunhoferIESE\/","https:\/\/x.com\/FraunhoferIESE","https:\/\/www.linkedin.com\/company\/fraunhoferiese\/","https:\/\/www.youtube.com\/c\/FraunhoferIESE"]}]}},"jetpack_sharing_enabled":true,"_links":{"self":[{"href":"https:\/\/www.iese.fraunhofer.de\/blog\/wp-json\/wp\/v2\/pages\/5","targetHints":{"allow":["GET"]}}],"collection":[{"href":"https:\/\/www.iese.fraunhofer.de\/blog\/wp-json\/wp\/v2\/pages"}],"about":[{"href":"https:\/\/www.iese.fraunhofer.de\/blog\/wp-json\/wp\/v2\/types\/page"}],"author":[{"embeddable":true,"href":"https:\/\/www.iese.fraunhofer.de\/blog\/wp-json\/wp\/v2\/users\/3"}],"replies":[{"embeddable":true,"href":"https:\/\/www.iese.fraunhofer.de\/blog\/wp-json\/wp\/v2\/comments?post=5"}],"version-history":[{"count":21,"href":"https:\/\/www.iese.fraunhofer.de\/blog\/wp-json\/wp\/v2\/pages\/5\/revisions"}],"predecessor-version":[{"id":15448,"href":"https:\/\/www.iese.fraunhofer.de\/blog\/wp-json\/wp\/v2\/pages\/5\/revisions\/15448"}],"wp:attachment":[{"href":"https:\/\/www.iese.fraunhofer.de\/blog\/wp-json\/wp\/v2\/media?parent=5"}],"wp:term":[{"taxonomy":"author","embeddable":true,"href":"https:\/\/www.iese.fraunhofer.de\/blog\/wp-json\/wp\/v2\/coauthors?post=5"}],"curies":[{"name":"wp","href":"https:\/\/api.w.org\/{rel}","templated":true}]}}